{"id":66,"date":"2025-02-05T16:17:40","date_gmt":"2025-02-05T15:17:40","guid":{"rendered":"https:\/\/mc-securite.fr\/?page_id=66"},"modified":"2025-02-05T16:17:40","modified_gmt":"2025-02-05T15:17:40","slug":"agent-de-securite-evenementiel","status":"publish","type":"page","link":"https:\/\/mc-securite.fr\/index.php\/agent-de-securite-evenementiel\/","title":{"rendered":"Agent de s\u00e9curit\u00e9 \u00e9v\u00e9nementiel"},"content":{"rendered":"\n<h3 class=\"wp-block-heading\">Qu\u2019est-ce qu\u2019un agent de s\u00e9curit\u00e9 \u00e9v\u00e9nementiel ?<\/h3>\n\n\n\n<p>Un agent de s\u00e9curit\u00e9 \u00e9v\u00e9nementiel est un professionnel form\u00e9 pour garantir la s\u00fbret\u00e9 lors de manifestations publiques ou priv\u00e9es, telles que des concerts, festivals, salons professionnels, conf\u00e9rences ou soir\u00e9es priv\u00e9es. Il veille \u00e0 la surveillance du site, au contr\u00f4le des acc\u00e8s, \u00e0 la pr\u00e9vention des incidents et \u00e0 la gestion des situations d\u2019urgence. En cas de conflit ou de trouble \u00e0 l\u2019ordre public, il peut \u00e9galement intervenir pour r\u00e9tablir le calme.<\/p>\n\n\n\n<h3 class=\"wp-block-heading\">Quand faire appel \u00e0 un agent de s\u00e9curit\u00e9 \u00e9v\u00e9nementiel ?<\/h3>\n\n\n\n<p>Le recours \u00e0 un agent de s\u00e9curit\u00e9 \u00e9v\u00e9nementiel est essentiel pour les \u00e9v\u00e9nements r\u00e9unissant un grand nombre de personnes, o\u00f9 des risques peuvent survenir. Les organisateurs sollicitent ces professionnels pour assurer la protection des participants, des infrastructures et du mat\u00e9riel. Leur pr\u00e9sence est particuli\u00e8rement recommand\u00e9e lors d\u2019\u00e9v\u00e9nements \u00e0 fort enjeu, comme les manifestations politiques ou les rassemblements \u00e0 risque.<\/p>\n\n\n\n<h3 class=\"wp-block-heading\">Quels sont les avantages d\u2019un agent de s\u00e9curit\u00e9 \u00e9v\u00e9nementiel ?<\/h3>\n\n\n\n<p>Faire appel \u00e0 un agent de s\u00e9curit\u00e9 \u00e9v\u00e9nementiel pr\u00e9sente plusieurs avantages. Ces experts sont form\u00e9s pour anticiper et pr\u00e9venir les incidents, garantissant ainsi une meilleure gestion des risques. Leur pr\u00e9sence rassure \u00e0 la fois le public et les organisateurs, renfor\u00e7ant ainsi la confiance et le bon d\u00e9roulement de l\u2019\u00e9v\u00e9nement. En cas d\u2019urgence, ils interviennent rapidement et efficacement, limitant les d\u00e9g\u00e2ts mat\u00e9riels et prot\u00e9geant la s\u00e9curit\u00e9 des personnes pr\u00e9sentes.<\/p>\n\n\n\n<h3 class=\"wp-block-heading\">Pourquoi faire appel \u00e0 une entreprise sp\u00e9cialis\u00e9e ?<\/h3>\n\n\n\n<p>Confier la s\u00e9curit\u00e9 de votre \u00e9v\u00e9nement \u00e0 une entreprise sp\u00e9cialis\u00e9e offre de nombreux b\u00e9n\u00e9fices. Ces prestataires disposent d\u2019une expertise reconnue et proposent des solutions adapt\u00e9es aux besoins sp\u00e9cifiques de chaque \u00e9v\u00e9nement. Ils mettent \u00e0 disposition des agents qualifi\u00e9s, b\u00e9n\u00e9ficiant de formations r\u00e9guli\u00e8res et d\u2019\u00e9quipements de surveillance performants. De plus, en d\u00e9l\u00e9guant cette mission \u00e0 des professionnels, les organisateurs peuvent se concentrer sur le bon d\u00e9roulement de l\u2019\u00e9v\u00e9nement en toute s\u00e9r\u00e9nit\u00e9.<\/p>\n","protected":false},"excerpt":{"rendered":"<p>Qu\u2019est-ce qu\u2019un agent de s\u00e9curit\u00e9 \u00e9v\u00e9nementiel ? Un agent de s\u00e9curit\u00e9 \u00e9v\u00e9nementiel est un professionnel form\u00e9 pour garantir la s\u00fbret\u00e9 lors de manifestations publiques ou priv\u00e9es, telles que des concerts, festivals, salons professionnels, conf\u00e9rences ou soir\u00e9es priv\u00e9es. Il veille \u00e0 la surveillance du site, au contr\u00f4le des acc\u00e8s, \u00e0 la pr\u00e9vention des incidents et \u00e0 [&hellip;]<\/p>\n","protected":false},"author":1,"featured_media":0,"parent":0,"menu_order":0,"comment_status":"closed","ping_status":"closed","template":"","meta":{"footnotes":""},"class_list":["post-66","page","type-page","status-publish","hentry"],"_links":{"self":[{"href":"https:\/\/mc-securite.fr\/index.php\/wp-json\/wp\/v2\/pages\/66","targetHints":{"allow":["GET"]}}],"collection":[{"href":"https:\/\/mc-securite.fr\/index.php\/wp-json\/wp\/v2\/pages"}],"about":[{"href":"https:\/\/mc-securite.fr\/index.php\/wp-json\/wp\/v2\/types\/page"}],"author":[{"embeddable":true,"href":"https:\/\/mc-securite.fr\/index.php\/wp-json\/wp\/v2\/users\/1"}],"replies":[{"embeddable":true,"href":"https:\/\/mc-securite.fr\/index.php\/wp-json\/wp\/v2\/comments?post=66"}],"version-history":[{"count":1,"href":"https:\/\/mc-securite.fr\/index.php\/wp-json\/wp\/v2\/pages\/66\/revisions"}],"predecessor-version":[{"id":67,"href":"https:\/\/mc-securite.fr\/index.php\/wp-json\/wp\/v2\/pages\/66\/revisions\/67"}],"wp:attachment":[{"href":"https:\/\/mc-securite.fr\/index.php\/wp-json\/wp\/v2\/media?parent=66"}],"curies":[{"name":"wp","href":"https:\/\/api.w.org\/{rel}","templated":true}]}}