{"id":70,"date":"2025-02-05T16:19:58","date_gmt":"2025-02-05T15:19:58","guid":{"rendered":"https:\/\/mc-securite.fr\/?page_id=70"},"modified":"2025-02-05T16:19:58","modified_gmt":"2025-02-05T15:19:58","slug":"agent-de-securite-daccueil","status":"publish","type":"page","link":"https:\/\/mc-securite.fr\/index.php\/agent-de-securite-daccueil\/","title":{"rendered":"Agent de s\u00e9curit\u00e9 d\u2019accueil"},"content":{"rendered":"\n<h3 class=\"wp-block-heading\">Qu\u2019est-ce qu\u2019un agent de s\u00e9curit\u00e9 d\u2019accueil ?<\/h3>\n\n\n\n<p>Un agent de s\u00e9curit\u00e9 d\u2019accueil est un professionnel charg\u00e9 de surveiller les entr\u00e9es et sorties d\u2019un b\u00e2timent ou d\u2019un site. Il assure le contr\u00f4le des acc\u00e8s, v\u00e9rifie les identit\u00e9s, g\u00e8re les badges et veille \u00e0 la s\u00e9curit\u00e9 des lieux. En plus de ses missions de surveillance, il peut \u00e9galement s\u2019occuper de l\u2019accueil des visiteurs et de la gestion des appels t\u00e9l\u00e9phoniques.<\/p>\n\n\n\n<h3 class=\"wp-block-heading\">Quand faire appel \u00e0 un agent de s\u00e9curit\u00e9 d\u2019accueil ?<\/h3>\n\n\n\n<p>Le recours \u00e0 un agent de s\u00e9curit\u00e9 d\u2019accueil est essentiel dans les lieux recevant du public ou des employ\u00e9s, tels que les entreprises, h\u00f4pitaux, centres commerciaux ou b\u00e2timents administratifs. Il garantit la s\u00e9curit\u00e9 des personnes et des biens en filtrant les acc\u00e8s et en contr\u00f4lant les entr\u00e9es et sorties.<\/p>\n\n\n\n<h3 class=\"wp-block-heading\">Quels sont les avantages d\u2019un agent de s\u00e9curit\u00e9 d\u2019accueil ?<\/h3>\n\n\n\n<p>La pr\u00e9sence d\u2019un agent de s\u00e9curit\u00e9 d\u2019accueil apporte plusieurs b\u00e9n\u00e9fices. Tout d\u2019abord, il renforce le sentiment de s\u00e9curit\u00e9 des visiteurs et employ\u00e9s, favorisant ainsi un environnement serein. Ensuite, il est form\u00e9 pour intervenir en cas d\u2019incident, ce qui permet une gestion rapide et efficace des situations d\u2019urgence. Enfin, il optimise la gestion des flux en facilitant les entr\u00e9es et sorties, contribuant ainsi \u00e0 une meilleure organisation du site.<\/p>\n\n\n\n<h3 class=\"wp-block-heading\">Pourquoi faire appel \u00e0 une entreprise sp\u00e9cialis\u00e9e ?<\/h3>\n\n\n\n<p>Faire appel \u00e0 une soci\u00e9t\u00e9 sp\u00e9cialis\u00e9e en s\u00e9curit\u00e9 d\u2019accueil pr\u00e9sente de nombreux avantages. Ces entreprises offrent des solutions adapt\u00e9es aux besoins sp\u00e9cifiques de chaque client et mettent \u00e0 disposition des agents qualifi\u00e9s, form\u00e9s et \u00e9quip\u00e9s de technologies de surveillance avanc\u00e9es. De plus, elles assurent une formation continue de leurs \u00e9quipes pour garantir un service optimal. En confiant cette mission \u00e0 des professionnels, les entreprises peuvent ainsi se concentrer sur leur activit\u00e9 en toute tranquillit\u00e9.<\/p>\n","protected":false},"excerpt":{"rendered":"<p>Qu\u2019est-ce qu\u2019un agent de s\u00e9curit\u00e9 d\u2019accueil ? Un agent de s\u00e9curit\u00e9 d\u2019accueil est un professionnel charg\u00e9 de surveiller les entr\u00e9es et sorties d\u2019un b\u00e2timent ou d\u2019un site. Il assure le contr\u00f4le des acc\u00e8s, v\u00e9rifie les identit\u00e9s, g\u00e8re les badges et veille \u00e0 la s\u00e9curit\u00e9 des lieux. En plus de ses missions de surveillance, il peut [&hellip;]<\/p>\n","protected":false},"author":1,"featured_media":0,"parent":0,"menu_order":0,"comment_status":"closed","ping_status":"closed","template":"","meta":{"footnotes":""},"class_list":["post-70","page","type-page","status-publish","hentry"],"_links":{"self":[{"href":"https:\/\/mc-securite.fr\/index.php\/wp-json\/wp\/v2\/pages\/70","targetHints":{"allow":["GET"]}}],"collection":[{"href":"https:\/\/mc-securite.fr\/index.php\/wp-json\/wp\/v2\/pages"}],"about":[{"href":"https:\/\/mc-securite.fr\/index.php\/wp-json\/wp\/v2\/types\/page"}],"author":[{"embeddable":true,"href":"https:\/\/mc-securite.fr\/index.php\/wp-json\/wp\/v2\/users\/1"}],"replies":[{"embeddable":true,"href":"https:\/\/mc-securite.fr\/index.php\/wp-json\/wp\/v2\/comments?post=70"}],"version-history":[{"count":1,"href":"https:\/\/mc-securite.fr\/index.php\/wp-json\/wp\/v2\/pages\/70\/revisions"}],"predecessor-version":[{"id":71,"href":"https:\/\/mc-securite.fr\/index.php\/wp-json\/wp\/v2\/pages\/70\/revisions\/71"}],"wp:attachment":[{"href":"https:\/\/mc-securite.fr\/index.php\/wp-json\/wp\/v2\/media?parent=70"}],"curies":[{"name":"wp","href":"https:\/\/api.w.org\/{rel}","templated":true}]}}